ive y(n).
-1
Let s(z) = -217*z + 1958. Let f be s(9). Let w(q) = -8*q + 15. What is w(f)?
-25
Suppose 4*r + 141 = -3*g, -r - 28 = 4*g + 17. Let i = -13 - r. Let m(w) = -w**3 + 4*w**2 + i + 8*w - 14 - 10*w. Calculate m(4).
-2
Suppose -6*f = -5*f - 4*i + 2, -3*f - 2*i = -22. Let y(t) = -f + 0*t + 7 + 2*t - t - 4*t. Suppose v = -0 + 2. What is y(v)?
-5
Let u(v) = v**3 - 17*v**2 + 31*v + 11. Let l = 703 + -688. Determine u(l).
26
Suppose 162 = 56*z + 25*z. Let j(w) be the first derivative of -23 - 7/2*w**z - 7*w + 1/3*w**3. Calculate j(8).
1
Let r(w) = -4 - 11*w**2 + 14*w**2 - 10*w**2 - 3*w - 5*w + 2 - w**3. Let v = 282 - 288. Determine r(v).
10
Let a(f) = 16*f**3 + 35*f**2 + 15*f + 101. Let i(q) = 7*q**3 + 18*q**2 + 7*q + 50. Let h(g) = -3*a(g) + 7*i(g). Determine h(-21).
-37
Let g(m) = -5*m + 13. Let z(w) = -62*w - 184. Let d be z(-3). What is g(d)?
3
Let l(s) = -43*s - 24*s + 77*s + 7. Give l(0).
7
Let l(u) = -40 - 33 - 28 - 90 + 3*u + 209. Determine l(7).
39
Suppose 27*a - a + 68 = -8*a. Let j(b) = -b**3 - b**2 - b + 1. Let g(h) = -h**3 + h - 3. Let m(x) = -g(x) - 3*j(x). Give m(a).
-24
Let i(f) = f**3 + 4*f**2 - f - 3. Let p(t) = -3*t**2 + t - 2. Let x be -3*(1 - (-20)/15*-1). Let a be p(x). What is i(a)?
1
Let n(i) = 7*i**2 + 23*i - 4. Let k(s) = -5*s**2 - 18*s + 4. Let t(b) = 4*k(b) + 3*n(b). Give t(5).
14
Let m be (1 - 16/(-4)) + -15 + 10. Suppose 4*f + k - 24 = m, 3*k + 38 = 4*f - 2. Let h(o) = -3*o + 12. What is h(f)?
-9
Let d(x) = -9*x + 47 - 10*x - 3*x + 26*x. Let o be d(-14). Let t(a) = -a - 6 + 4 - 6 - 5. Give t(o).
-4
Let o(u) = -u**2 - 5*u + 5. Let t be -6*(8 + 160/(-24)). Let b = 3 - 1. Let z = t + b. What is o(z)?
-1
Suppose -20*s = 75 + 130 - 305. Let z(y) = -3 - 3*y - 3 - y**3 + 2 + 7*y**2. Give z(s).
31
Let c(w) = -w**3 - 25*w**2 + 49*w - 5. Suppose -4*z - u - 103 = 0, 4*z + 49*u = 47*u - 98. What is c(z)?
130
Let o(t) be the third derivative of -t**6/360 + t**5/15 + 3*t**4/8 - t**3/3 - 2*t**2 + 20. Let c(d) be the first derivative of o(d). What is c(9)?
0
Let h = 141 - 139. Let s(d) = 5*d - 6 - d**h + d - 9*d + 9*d. Calculate s(7).
-13
Let s(j) = -j**3 + j**2 + 4*j - 4. Let t(f) = 16*f + 136. Let v(q) = 1. Let k(o) = t(o) - 5*v(o). Let x be k(-8). What is s(x)?
-10
Let w(q) be the first derivative of -q**4/4 - q**3 + 2*q**2 - 2*q + 656. Determine w(-5).
28
Let w(p) be the second derivative of 7*p**4/12 + 3*p**3/2 - 5*p**2 + 2*p - 18. Determine w(1).
6
Let h(y) be the first derivative of -y**4/4 - 10*y**3/3 - 5*y**2/2 + 88*y - 3927. What is h(-8)?
0
Let u(j) = 29*j - 169. Let s be u(6). Suppose -11*b + s*b = -18. Let f(y) = y**3 - 5*y**2 + 4*y - 3. Give f(b).
-9
Let d be 5/((-5)/6) + -2. Suppose 0 = -13*f + 5*f + 24. Let l(n) = -4*n**2 - n + 5. Let m(w) = -w**2 + 2*w - 1. Let s(v) = f*m(v) - l(v). Determine s(d).
0
Let n(z) be the second derivative of -z**5/4 - z**4/6 + z**3/3 - z**2/2 + 79*z + 1. Suppose 3 + 3 = q. Let l = q + -5. Calculate n(l).
-6
Let i(v) = -2*v**2 - 94*v - 926. Let c be i(-33). Let x(b) be the first derivative of -11*b**3/3 - 2*b**2 - 3*b - 1. Determine x(c).
-39
Let p(u) be the second derivative of 13*u**6/120 - u**4/24 + u**2 + 4*u. Let g(f) be the first derivative of p(f). Let x = 10 - 11. Calculate g(x).
-12
Let l = -143 - -188. Let o = -40 + l. Let u(d) = d. Calculate u(o).
5
Let r(p) = -p**2 + 4*p + 5. Let m be r(5). Let z = 110 - 106. Suppose z*b - 15 - 1 = m. Let g(w) = -w**2 + 5*w + 2. Give g(b).
6
Let q(c) = 138*c**2 - 7*c + 43. Let m(k) = -25*k**2 + k - 8. Let o(s) = -11*m(s) - 2*q(s). Suppose -3*p = 5*n - 35, 0 = -p + 4*p - 15. Calculate o(n).
-2
Let x(o) = 3*o**2 - 46*o - 33. Let c = -18958 + 18974. Determine x(c).
-1
Let t(n) = n**2 + 4*n + 9. Let p(x) = 55*x - 1379. Let l be p(25). Calculate t(l).
9
Suppose -9*x - 1088 = 8*x. Let k be ((-52)/(-78))/(x/(-30) - 2). Let s(l) = 4*l + 37. Let q(j) = j + 12. Let t(d) = -7*q(d) + 2*s(d). What is t(k)?
-5
Let n be (-75)/(-5)*(-1)/3. Let y(h) = 4*h + 1. Let m be (-2)/15 - (-58)/(-15). Let g(r) = 5*r. Let w(a) = m*y(a) + 3*g(a). Calculate w(n).
1
Let w(i) = -30*i**2 - 7*i - 28*i**2 + 3 + 52*i**2 + i**3. Let s be w(7). Let c(j) = -84 + 172 - 4*j - 84. Determine c(s).
-8
Let d(s) = -10*s + 332. Let i(n) = -91. Let m(b) = -d(b) - 4*i(b). Give m(-9).
-58
Let f(l) be the second derivative of 7*l**3/6 - 3*l**2/2 + 381*l. Calculate f(2).
11
Let g(l) be the second derivative of l**6/360 - l**5/60 - 7*l**4/12 + 11*l. Let d(i) be the third derivative of g(i). Suppose -38 = 5*t - 13. Determine d(t).
-12
Suppose -5*g + 44 - 38 = 3*h, g - 2*h = 9. Let q(i) = -13 - 15*i**2 - i + 2*i + i**g - 4*i**2 + 4*i**2. Calculate q(15).
2
Let b(p) be the first derivative of p**2 + 59*p + 3158. Determine b(-30).
-1
Let o(d) be the first derivative of 3*d**2 + 61*d - 38. Let p be o(-10). Let b(y) = -30*y. Let v(h) = -h. Let q(r) = 3*b(r) - 63*v(r). Calculate q(p).
-27
Let y(f) be the first derivative of 1/4*f**4 - 8/3*f**3 - 21*f - 219 + 11/2*f**2. What is y(7)?
7
Let l(s) be the second derivative of -s**5/20 - 3*s**4/4 + 2*s**3 + 13*s**2/2 - 342*s + 9. Suppose -3*c = 26 + 4. What is l(c)?
-7
Let d(u) = 3. Let q(n) = n - 1. Suppose 8 = -6*i + 14. Let o(a) = i*d(a) + q(a). Let l be o(-4). Let x(w) = -5*w. Determine x(l).
10
Let f = 231 - 174. Suppose -32 - 148 = -6*c. Let b(v) = -2 - f*v**3 + v + 4*v**2 + c*v**3 + 29*v**3. Give b(-2).
-4
Let r = 2 - -14. Suppose 12*s = 8*s + r. Let q(j) = 15*j + s + 21*j - 34*j. Determine q(-4).
-4
Let a(r) = 5*r - 4*r**2 - 2*r**2 - 2 + 6 - r + r**3 + 2*r. Give a(5).
9
Suppose 28*f - 7 = -0*f - 7. Let x(q) = -q**3 + 2*q**2 - q - 21. Determine x(f).
-21
Let d(z) = 22*z**2 - 10 + 135*z - 7*z**2 - 131*z - 13*z**2. Give d(-5).
20
Let x = -42 - -104. Let a = 65 - x. Let h(t) be the first derivative of t**2 - 2*t + 5. Calculate h(a).
4
Suppose 3*b = -2*z - 10, -2*z = -2*b + 2 + 8. Suppose b = -0*h + 3*h + 9. Let g(o) be the first derivative of o**2/2 + 3*o + 4. Give g(h).
0
Suppose 36 = 2*c - 4*v, 7*v = -3*c + 4*v + 36. Suppose c = 5*t + 49. Let a(s) = s**2 + 9*s - 6. What is a(t)?
-20
Let r(t) be the first derivative of -t**4/24 - t**3/6 - 5*t**2/2 - 9. Let u(i) be the second derivative of r(i). Suppose 0 = 3*p + 3 - 0. What is u(p)?
0
Let s = -3973 - -3973. Let b(h) = h. Calculate b(s).
0
Let m = -3 - -5. Let f = 448 - 445. Suppose -2*l = s - m*s + 2, 4*s + f = -3*l. Let y(x) = -9*x**2. Calculate y(l).
-9
Let n be -62*(6/(-4))/3. Let k be (0/1)/((-5)/5). Suppose k = n*p - 33*p. Let z(g) = -g**2. What is z(p)?
0
Let o(l) = 403*l**3 + 15*l**2 + 2 + 404*l**3 + 0 - 805*l**3. Calculate o(-8).
-62
Let i(m) be the first derivative of -4 - 1/6*m**3 + 11/12*m**4 - 8*m**2 + 0*m. Let b(j) be the second derivative of i(j). What is b(-1)?
-23
Suppose 12*n = 17*n + 15. Let t(v) be the second derivative of v**6/120 - v**5/30 - v**4/3 + 37*v. Let k(h) be the third derivative of t(h). Determine k(n).
-22
Let f(z) = z**3 + 2*z**2 - 6*z - 1. Let c(u) be the third derivative of 0*u + 8/3*u**3 - 5/24*u**4 + 0 + u**2. Let o be c(4). Determine f(o).
-9
Let c(x) = -x**3 - 6*x**2 - 4*x + 12. Let r = 43 - 48. What is c(r)?
7
Let q(u) = u**2 + 9*u - 42. Let i(k) = -55*k + 978. Let z be i(18). Determine q(z).
-6
Let k(r) be the first derivative of -r**4/4 + 3*r**3 - 9*r**2/2 + 3*r + 1. Suppose 30*w + 14539 + 12521 = 0. Let l = 910 + w. Determine k(l).
-5
Let o(r) = 43*r**3 - 18*r**3 + 2*r + 6116 - 6090 + 8*r**2 - 24*r**3. Calculate o(-8).
10
Let r(i) = -i**3 - 6*i**2 - 4*i - 1. Suppose -6 = -4*v + 6. Suppose -v*w + 4*w = -3*z + 14, 5*z = 2*w + 16. Suppose -h = m + w*m + 11, 2*m = -4. Determine r(h).
-6
Let k be ((-1589)/56)/(3/(-24)). Let i = 225 - k. Let n(u) be the third derivative of u**4/12 - 2*u**2. Give n(i).
-4
Let z be 58 + -47 - (7 + 0). Let t(j) be the first derivative of 2 + 1/3*j**3 - 3/2*j**2 + 4*j. Calculate t(z).
8
Suppose 0 = -4*d - m + 33, -4*d + 36 = 2*m + 2*m. Let w(z) = 383594 + 7*z + 8*z**2 + z**3 - 383598 - 2*z**3 - z**2. Calculate w(d).
-12
Let w(s) = -19*s**3 - 16*s**2 - 2*s + 3. Let y(p) = -25*p**3 - 18*p**2 - p + 5. Let a(c) = -4*w(c) + 3*y(c). What is a(-9)?
39
Let i(c) = c**3 + 3*c**2 - 4*c + 1. Suppose n + 5*t + 9 = 0, 8*n + 16 = 3*n + 4*t. Let f be i(n). Let s(w) = -w**2 - w**2 + w**2 - 6*w + f + 0. Give s(-6).
1
Let o(n) be the second deriva